= -89*b - 24. Let a(z) = -3*i(z) - 5*l(z). List the prime factors of a(c).
5, 53
Let d(b) = -b + 17. Let t be d(12). Suppose -t*w + 10 = -10*w. List the prime factors of (-148)/(w/2) + -4 + 4.
2, 37
Suppose -2*r + 1020 = -272. Suppose -2*c - 8 = 0, -16*c = -5*l - 17*c + r. What are the prime factors of l?
2, 5, 13
Suppose -4*c + 19334 = -i, 0 = c + 3*c - 2*i - 19332. List the prime factors of c.
2, 2417
Let o(c) = -11*c - 6. Let y be o(7). Let h = y + 205. Let m = h - -13. What are the prime factors of m?
3, 5
Let x = 20 + -20. Let i be 2/6*0 - (62 - x). Let f = i + 141. What are the prime factors of f?
79
Suppose -3 - 30 = -4*u - 5*z, 4*z - 16 = 2*u. Suppose u*a + n - 2041 = 0, 1037 = a - 0*a - 5*n. What are the prime factors of a?
2, 7, 73
Let n(b) = 5*b**2 - 70*b - 616. List the prime factors of n(58).
2, 3, 11, 23
Suppose 15*y - 39*y = -216. Let o(f) = -f**3 + 13*f**2 - 15. List the prime factors of o(y).
3, 103
Let q(s) = -s**3 + 11*s**2 - 11*s - 2. Let z be q(10). Let f be 9/12 - 111/z. What are the prime factors of (-3)/(15/f) + 25?
23
Let x(y) = -86*y + 614. What are the prime factors of x(5)?
2, 23
Let t(i) = -4*i**3 - 54*i**2 + 38*i + 26. List the prime factors of t(-22).
2, 7823
Let c = 38929 - -5340. List the prime factors of c.
44269
Let w(n) = n**3 + 24*n**2 + 43*n - 22. Let j be w(-22). Suppose j = 35*r - 31*r - 1608. What are the prime factors of r?
2, 3, 67
Let l be (-3296)/(-22) + (126/(-33) - -4). Suppose -2*q - 2*q + 99 = -5*k, k + l = 5*q. List the prime factors of q.
31
Suppose 191 - 197 = 2*q. Let p(w) = w**3 - 5*w**2 - 4*w - 2. Let j be p(6). What are the prime factors of 58 - (-4)/j*(-15)/q?
2, 3, 5
Let g = 34 + -37. Let x be (0 - -1)/(g/(-9)). Suppose -2*v + v + 103 = x*k, -2*k + 98 = v. What are the prime factors of v?
2, 11
Let p(t) = 2*t**2 - 19*t + 22. Let r be p(14). Let c = r - 81. Suppose -19 - c = -w. What are the prime factors of w?
2, 43
Let c(k) = 133*k - 1711. What are the prime factors of c(54)?
5471
Let n(a) = 1104*a + 21. List the prime factors of n(6).
3, 5, 443
Let c = 1846 - -2002. Let z = -2183 + c. List the prime factors of z.
3, 5, 37
Suppose 0 = 3*c - 2*y - 93004, -40067 = -2*c - 2*y + 21939. List the prime factors of c.
2, 3, 5167
Suppose 0 = -m - 261*m + 1742824. What are the prime factors of m?
2, 1663
Let h(v) be the second derivative of 32*v**3/3 - 19*v**2/2 + 2*v + 17. What are the prime factors of h(2)?
109
Let b be 15 + (-87)/(-232) + (-54)/16. Suppose -b*r = -11612 + 956. What are the prime factors of r?
2, 3, 37
Suppose -4*n = -92 - 636. Suppose -h + 312 = -n. What are the prime factors of h?
2, 13, 19
Let d = 31 + -19. Let p be (-2)/4 + (d/(-8) - -2). Suppose 3*k - 110 = -2*z, k + p*z - z - 30 = 0. What are the prime factors of k?
2, 17
Suppose -k = -3*x + 1642, -3*k + 2*x = 3*x + 4936. What are the prime factors of k/15*-9 + -1?
2, 17, 29
Let b(o) = -8*o**2 - 35*o - 8. Let t be b(-4). Suppose -t*w = -d + 2050, 7*w - 6*w - 6176 = -3*d. What are the prime factors of d?
2, 3, 7
Let l(w) = w**2 - 5*w + 6. Let m(j) = j. Let s(n) = l(n) - 6*m(n). Let f be s(10). Let y = f + 28. What are the prime factors of y?
2, 3
Let u(n) = 71*n**3 - 2*n**2 + 76*n - 562. What are the prime factors of u(6)?
2, 11, 13, 53
Suppose -528*w - 1998958 + 24856078 = 0. List the prime factors of w.
2, 3, 5, 13, 37
Let p(t) = -10*t**3 - t**2 - 1. Let r be p(3). What are the prime factors of (-460)/(-1 - 0) - r/70?
2, 29
Let m(c) = c**2 + 74*c - 4118. What are the prime factors of m(55)?
13, 229
Suppose 0 = -9*d + 6*d + 1164. Suppose -d = -2*g + 252. List the prime factors of g.
2, 5
What are the prime factors of (-41 - 1)/3 - -4513?
11, 409
Let d be (-3 - (-2 - -6))/(-1). Suppose d*z = 8*z + 32. Let s = z + 74. What are the prime factors of s?
2, 3, 7
Suppose 5*m = -12 + 2, m = 4*r + 18. Let n(s) = -267*s - 50. What are the prime factors of n(r)?
5, 257
Let s = 567 + 183. Let r = 1032 - s. What are the prime factors of r?
2, 3, 47
Suppose -5*t = 6*b - 5*b - 25288, 3*b = -4*t + 20226. List the prime factors of t.
2, 3, 281
Suppose -3*j + 78 = -3*l, j + l = 4*l + 22. Suppose 0 = 5*n - n - j. List the prime factors of (-10 + 11)*n*3.
3, 7
Suppose -3*f + 50 = -49. Let v = f - -53. Let j = v - 59. List the prime factors of j.
3
Let l = 6869 + -41. List the prime factors of l.
2, 3, 569
Let j be (1/(-1 - 0))/1 + -3. Let u be (3 + -1)*(j - 1 - 27). What are the prime factors of (-1 - u)*26/39?
2, 3, 7
List the prime factors of (-2214 + (-3 - -2))*(-24 + 22).
2, 5, 443
Suppose 146*m - 4*y - 142698 = 144*m, -4*y = 3*m - 214007. What are the prime factors of m?
71341
Suppose 1 + 14 = 5*u. Suppose 0 = -u*t + 6*t + 90. Let r = 93 + t. List the prime factors of r.
3, 7
Suppose -6*t = 3*s - 37338, 118*s - 122*s + 49734 = -2*t. What are the prime factors of s?
2, 3109
Suppose 2*b - 1179 - 1287 = 0. Let t = b - 775. List the prime factors of t.
2, 229
Let l(r) = -2*r**2 + 33*r + 16. Let x be l(14). Suppose 0 = 4*b - 6*b - i + 172, -b + x = i. What are the prime factors of b?
2, 43
Let o be ((-104)/(-16) - 4) + 1027/2. Suppose -4*x + 2*a + o = 0, a = -3*a + 8. List the prime factors of x.
2, 5, 13
Suppose -18*x = -17*x - 1. Suppose x = 5*f - 24. Suppose 4*r - 4*a - 728 = 0, -4*r + 554 = -r - f*a. What are the prime factors of r?
2, 89
Suppose -2479654 = 238*z - 10467886. List the prime factors of z.
2, 3, 2797
Suppose -52 = -37*s - 15. Let w(p) = 650*p**3 + 3*p - 3. What are the prime factors of w(s)?
2, 5, 13
Let o = -12586 + 17815. List the prime factors of o.
3, 7, 83
Suppose -6072 = -2*w + 3584. What are the prime factors of w?
2, 17, 71
Let k(r) = -10*r - 44. Let c be k(-4). Let y(x) = 21*x**2 + 3*x + 6. List the prime factors of y(c).
2, 3, 5, 11
Suppose 8*n + 4*p - 18267 = 5*n, p = 3*n - 18282. What are the prime factors of n?
3, 677
Let t(j) = -33*j**2 + 2*j + 1. Let l = -3 + 7. Let x(b) = -34*b**2 + 2*b + 1. Let p(u) = l*t(u) - 5*x(u). What are the prime factors of p(-1)?
3, 13
Let s = 542 + -540. Suppose o - 1135 = 4*h, 97*o - 95*o - 2310 = -s*h. List the prime factors of o.
1151
Let f(k) = -59393*k + 832. List the prime factors of f(-1).
3, 5, 11, 73
Suppose -74 = 6*h - 458. Let t = h + -61. Suppose 3*a = t*w - 0 + 30, -4*w = -a - 2. What are the prime factors of a?
2, 7
Suppose -805 = -5*v + 2*c - c, 2*v = -3*c + 339. Let y = 62 + v. List the prime factors of y.
2, 7
Suppose -16*u + 191174 = 65862. List the prime factors of u.
2, 11, 89
Suppose 4676989 - 89970 - 619099 = 132*x. What are the prime factors of x?
2, 3, 5, 167
Let p(f) = f**3 - 6*f**2 - 18*f + 4. Let y be p(8). List the prime factors of (-1714)/y - 5/(-30).
11, 13
Let l(m) = 10*m**3 - m**2 + 24. What are the prime factors of l(9)?
3, 2411
Let a = 30 + -278. Let o = -176 - a. Suppose -5*f + o = -2*f. List the prime factors of f.
2, 3
Suppose -2*w = -156563 + 69691. List the prime factors of w.
2, 10859
Let l = -7 + 14. Let z(n) = 2*n**2 + 144*n + 416. Let w be z(-3). Suppose 0 = -w*o + q + 171, 2*o - 3*q = l*o - 433. List the prime factors of o.
2, 43
Let i(j) = 5*j**3 + 3*j**2 - 11*j + 2. Let x(c) = 5*c**2 - 10*c - 11. Let t be x(-1). What are the prime factors of i(t)?
2, 163
What are the prime factors of 26415 - (11/((-891)/(-225)) + (-4)/(-18))?
2, 3, 31, 71
Suppose 3*v - 2*s + 5 = -2, -2*v - 3 = -3*s. Let l(k) = -30*k + 82. List the prime factors of l(v).
2, 43
Let f(k) = 28*k**2 + 7*k - 239. What are the prime factors of f(-9)?
2, 983
Suppose -2*a = -3*d - 39287, -910*a - 39371 = -912*a - 9*d. List the prime factors of a.
2, 31, 317
Suppose -5*z = 5*b - 104550, 7*b = z + b - 20847. What are the prime factors of z?
3, 6967
Suppose 17*q + 0 = -0. Suppose 0 = -4*v - 0*v - 4*y + 80, 2*v - 5*y - 75 = q. List the prime factors of v.
5
Let f be (-2 - -1)/((0 - -7)/14). List the prime factors of f*(-2 - 9)/((-4)/(-14)).
7, 11
Suppose 0 = -2*a + 8, w - 2*a - 84 = 5*w. Let s(k) = -9*k - 27. List the prime factors of s(w).
2, 3, 5
Suppose -6*k + 5 = 2*x - 3*k, 0 = x - 3*k + 2. What are the prime factors of 6 + (-12)/3 + 358 - x?
359
Let s = 23622 + -12085. What are the prime factors of s?
83, 139
Suppose 2*q - 9*r - 79 = -6*r, 0 = 5*q + 3*r - 166. Suppose 892 = 37*m - q*m. What are the prime factors of m?
2, 223
Suppose -2*d + 3*o + 18662 = 0, 5*o + 37330 = 1